 - -2) - 19.
-29
Calculate -6 - (6 - (4 - 2 - (-14 + 15))).
-11
Calculate 6 - (7 + ((-7 - -2) + 11 - 6)).
-1
Calculate -29 + 63 + -56 + 23.
1
What is -23 - (-8 + 2 + 10)?
-27
What is (0 + -4 - -4) + -6 + 7 + 3?
4
What is the value of 2 + (-1 + (1 - -5) - -12 - 6)?
13
Evaluate 14 - 13 - (3 + 1) - (-19 - -1).
15
8 + (0 + 1 - (-6 - -20))
-5
(-16 - -9) + -7 - -20
6
What is (0 + 1 - 7 - (10 - 9)) + -1?
-8
(3 - -4) + (-1 - (-13 - -6))
13
Calculate 13 + 0 + -4 + (6 - 5 - 2).
8
Evaluate (-5 - (-8 + -8)) + (4 - (-3 - -3)).
15
Evaluate (-10 - 10) + -19 - -57.
18
Calculate (-6 - (-5 + 1)) + 11 - 5 - -10.
14
0 - 11 - (-233 - -227)
-5
Evaluate -6 - ((4 - -2 - (8 + -9)) + -8).
-5
Calculate (-6 + -18 - -24) + (-2 - -14).
12
Evaluate 33 + 4 - (127 - 84).
-6
What is the value of -3 + 13 + (-30 - -19) - 15?
-16
Calculate -50 + (-19 - -25) - (2 - 19).
-27
What is -29 + (-9 - -13 - -3) - -7?
-15
Evaluate (-7 - (1 + -18)) + (25 - 29).
6
What is the value of 13 - ((1 + -12 - 6) + 12)?
18
What is the value of -19 + (-11 - -17) + 18?
5
Calculate (-18 + 28 - 16) + 9.
3
What is the value of (3 - 29 - -15) + 12?
1
Calculate 25 - (-6 + (-10 - -14)).
27
4 + 2 + -3 + 7
10
What is the value of -9 + 7 - -14 - 2?
10
Calculate 8 + ((-6 - -6) + 0 - -3).
11
What is -1 + (39 - 11 - 14) - 14?
-1
Calculate 0 - (35 - 2 - (19 + -10)).
-24
What is -1 + (10 - 3) + (0 - 4)?
2
Calculate -11 + (-5 - -10 - 0) - -28.
22
2 + -10 + (9 - (-9 + 21))
-11
(-20 - -13) + 3 + -3 + -1
-8
What is the value of 1 + -2 + 2 + -3 + 0 + 6?
4
What is the value of 0 - (5 + -26 - (-21 + 24))?
24
Evaluate (-13 + 11 - (4 - 0)) + 8.
2
14 + 3 + -16 + (-11 - (-2 + 2))
-10
Evaluate 2 - (25 + -52 + 29 + 10 + 1).
-11
Calculate 18 + -8 + (-7 - (-16 + 30)).
-11
Evaluate 20 + -13 + 10 + (1 - 7).
11
Calculate 17 + (10 + -5 - 9 - 6).
7
What is -20 + (3 - 3) - (6 - (14 + 0))?
-12
Calculate 2 + -4 + -8 + 10.
0
What is the value of 0 + (-3 - -11) - (-28 + 48)?
-12
Calculate 1 - -14 - (5 - 6).
16
Evaluate 6 - 1 - (5 - (2 + (-5 - 1))).
-4
What is the value of -30 - (-22 - 22) - 29?
-15
Evaluate 6 + -16 + (-10 + (6 - 1) - -7).
-8
What is -15 - -17 - (-3 - -1) - 5?
-1
What is the value of -30 + 37 - (-2 + 14)?
-5
Evaluate 18 - (-49 + 27 - -30).
10
What is -2 - ((14 - 16) + 6 - (-1 - 0))?
-7
What is -2 + -15 + (7 - -4)?
-6
What is the value of 8 - (34 + -38 + (15 - -2))?
-5
Evaluate 4 + -15 + 14 + (1 - 2).
2
What is the value of (-66 - -50) + 30 + -1?
13
What is 141 + -99 - (1 + 16)?
25
25 + -34 + 20 - -5
16
-324 + 320 + 0 + -11
-15
Evaluate 3 - (5 - (-1 + (2 - -8))) - 15.
-8
Evaluate -10 + (-21 + 12 - (-5 + -8)) + 6.
0
What is the value of -5 + 5 + -33 + 3 + (-5 - -10)?
-25
What is (-5 - 0 - -2) + 23 + -13?
7
-10 - (-14 + 3 + -15)
16
What is the value of -6 + (4 - (7 + -16))?
7
Calculate -13 + (-6 - -14 - 1) + 6 + -3.
-3
Evaluate 26 + (18 - 39) + -9 + 0 + 2.
-2
(-21 - -14) + (0 - 1) + 5
-3
What is the value of 15 + (-12 - 15) - 4 - 11?
-27
What is -1 - (10 + 3 - (4 + 3))?
-7
Evaluate (11 - 29) + -2 + 12.
-8
Evaluate (5 - 12) + 0 + 1 + 35 + -26.
3
Evaluate 14 - (8 + 1 + -7 + -3).
15
(1 - -19 - (-30 + (8 - -22))) + 6
26
What is the value of 22 + 10 + -35 + (1 + -3 - 2)?
-7
What is the value of 28 - 30 - (1 + 0 - -2)?
-5
What is -54 - (-53 + 14 + 11)?
-26
What is the value of -9 + -55 + 69 + (0 - 5) + 24?
24
Evaluate -2 + -9 - (36 + (-19 - 3 - -8)).
-33
What is 0 + 9 + (-5 + 0 - 16)?
-12
Calculate -222 + 219 - (0 - -27 - -3).
-33
Evaluate -73 + 75 - (5 - 21).
18
Calculate 14 + (-1 + (2 - 2) - (0 - -5)).
8
0 + -6 - (104 - 88)
-22
What is the value of (-1 - -16) + 39 + -58 + 18?
14
Evaluate -18 + -5 + 7 - -12.
-4
What is -5 + 17 - 16 - 5 - 9?
-18
Calculate -1 - ((-10 - -34) + -10 - (4 - 10)).
-21
Calculate -48 + 64 + (0 - -9) - (0 + -12).
37
-40 + (-22 - (-35 - 8))
-19
-4 - (4 + -2 + 14 + -14)
-6
What is -32 + 51 + -16 + (-1 - 3) + 7?
6
Calculate 1 + 1 + (26 + 7 - 24).
11
What is the value of 20 - 0 - ((16 - 19) + 12)?
11
Evaluate -9 + (0 - (5 - 11)) + -8.
-11
Evaluate 2754 + -2748 - (1 + (-1 - 24)).
30
Evaluate -2 - -19 - (-24 - -47).
-6
What is -49 + (15 + 10 - -3)?
-21
What is the value of -4 - (-23 + 1 + 4)?
14
What is the value of (-1 - (24 - 36)) + 0?
11
75 + -74 + (0 - 28)
-27
Calculate (38 + -27 - 51) + 12 + -2.
-30
Evaluate (0 - (-6 - -2)) + (162 - 187).
-21
Evaluate 5 + 1 - ((2 - 10) + 3).
11
What is the value of -4 + 16 - ((11 - 31) + 69)?
-37
What is 33 + -14 + (20 + -2 - 12) + 10?
35
What is the value of 7 + 5 + -23 + 7 - -16?
12
What is -65 + 32 + 6 - 4?
-31
Calculate 2 + 0 + (-14 - (7 - (5 - -5))).
-9
(-1 - -1) + 14 - 3 - -4
15
Evaluate 11 + 5 + -30 - -9.
-5
Evaluate 17 - (38 + (-27 - -1)).
5
What is -202 + 206 - (-4 + 2 - (1 - 1))?
6
11 - 1 - (-11 - (4 + -27))
-2
Calculate 4 + (-13 - -7 - -1) - 0.
-1
Calculate 5 - 26 - -15 - (2 - 1) - 1.
-8
What is the value of 19 + -14 - -4 - -7?
16
What is -457 + 489 - (-2 - -56)?
-22
What is the value of (4 - (-2 - 1)) + (-58 - -62)?
11
What is the value of (4 - -3) + (-4 - 6) + -5 + -12?
-20
Evaluate (-5 + 19 - 20) + -12.
-18
Evaluate (0 + 3 + -3 - -7) + -13 + 4.
-2
Calculate -57 + 32 + -10 + 42.
7
What is the value of -5 + 1 + -1 - (18 + (-21 - -5))?
-7
What is -4 - (-9 - 1 - (4 - 13))?
-3
(11 - (0 + 2)) + (-69 - -65 - 3)
2
What is the value of -1 - -3 - (97 - 96)?
1
Calculate 2 + (-8 - (4 + (2 - 0))).
-12
Calculate -127 + 151 + (-29 - -4).
-1
What is the value of 4 - (2 + -3) - (-4 + -3)?
12
What is (-8 - -19) + (-3 - (-7 + 1))?
14
What is (1 - (1 + -2) - (-370 - -407)) + 8?
-27
Calculate 3 + -1 - (-3 + 7 + 9).
-11
8 + -1 + -8 + 12
11
What is 14 - 1 - (-16 + 39 - 20) - -6?
16
What is -7 + (-4 - -18) + -25?
-18
Calculate (-7 + 10 - 0) + (-26 - 7).
-30
21 + (3 - 9) + -80 + 68
3
Evaluate 16 + -5 + -40 + 20.
-9
What is the value of -8 + 2 - (105 - 106)?
-5
17 + -32 + -3 + (7 - 2) + 2
-11
What is the value of 13 + -8 - (5 + -9 + 21)?
-12
What is -22 - (-51 - -28 - -15)?
-14
Evaluate (2 + 13 - 3) + 19 + -12 + -6.
13
-74 - -77 - (-10 + 1) - 11
1
3 + -5 + -9 + 3 + -1
-9
Evaluate -106 - -115 - (11 + -1) - (4 - -1).
-6
What is the value of 6 + (-3 - -7) - (-47 + 56)?
1
0 - ((-41 - -42) + 0 + 0 + -4)
3
Calculate 20 - 2 - -1 - 2.
17
What is the value of -15 - (13 + -43 - -11)?
4
Evaluate (0 - 54) + -239 + 245 - -15.
-33
Calculate (-3 + -1 - -3) + 10.
9
What is the value of 94 + -103 + -4 + 2 + 6 + -13?
-18
Calculate 3 + (2 + 9 + -4 - 10) - 23.
-23
What is (1 - (3 + 5 + (0 - 1))) + -1?
-7
Calculate -4 + -4 + 12 + 1 + -13.
-8
25 + 15 + -29 - 22
-11
Evaluate 4 - 2 - (-2 - (9 + -5 - 0)).
8
What is the value of 8 - (10 + 2 + 0 + -6)?
2
What is the value of -3 + (5 - 0 - (16 + (-10 - 2)))?
-2
(17 + -8 - 4) + -9
-4
What is the value of (-13 - (-8 + (-5 - -12) - 7)) + -15?
-20
Calculate 0 - (-4 - -3 - (21 - 27)).
-5
-9 + 21 + (-3 - 13)
-4
Evaluate -7 + 11 + 0 + 0.
4
Calculate (15 - 3) + -17 + 16.
11
What is -10 + 2 + -2 + -11 + 33?
12
Evaluate 16 + 9 + -3 + -10 + -6 + 17.
23
Evaluate -6 + -12 + 34 + -3 + (-1 - 2).
10
Evaluate 2 - -2 - (-42 + (26 - 12)).
32
Calculate (-9 - -2) + (-5 - (-16 - 7 - 1)).
12
Evaluate (-160 - -172) + (-3 - (-3 - 0)).
12
(15 - -21 - 11) + -1 + -8 + 1
17
Evaluate (5 - 1) + -24 + (-4 - (1 + -8)).
-17
10 + -1 + (-9 - 6)
-6
Evaluate -7 + 24 + (7 - 29).
-5
What is the value of -7 - 1 - (217 + -211)?
-14
Evaluate (8 - (-2 - -2)) + 0 + 7.
15
Evaluate -11 + 0 - ((5 - -4) + -2 + -28).
10
What is the value of -15 + -1 + (23 - 4)?
3
Evaluate -10 + 0 + (-15 + 9 - (-3 + -1)).
-12
Evaluate (-3 - 1) + 0 - (-1 + 5).
-8
-12 - (-15 + 9 + -1 + -2)
-3
What is the value of 8 + 1 - (-19 - -3 - (53 - 91))?
-13
What is (-9 - -9) + (-2 - (-5 - 2))?
5
What is the value of 0 - ((-1 - 0 - (-3 - 1)) + -3)?
0
What is -10 + -1 - (1 + -10)?
-2
What is the value of -1 + -2 + 65 + -59?
3
5 - -1 - (259 + -244)
-9
Evaluate -18 - 1 - (-54 + (-28 - -77)).
-14
What is -2 - (4 + -1 + -8 + 3 - 2)?
2
What is the value of 1 - -7 - (60 - 43)?
-9
Calculate -21 + 27 + -28 + 9.
-13
What is 0 + (0 + 8 - (11 - (9 - 3)))?
3
What is 14 + (-18 - (-1 + -16))?
13
What is the value of -5 - 1 - (32 + (28 - 60))?
-6
Calculate 74 - 48 - (-4 + 18 + -6).
18
Evaluate -18 - 0 - (257 - 272) - (13 - 0).
-16
What is the value of (-37 - -18) + -9 + 7 + 3 + 1?
-17
(-11 - (10 + -7)) + 31
17
Calculate -5 - (-6 + (-7 - -3 - -8)).
-3
Calc